{"id":2,"date":"2015-02-19T04:39:32","date_gmt":"2015-02-19T04:39:33","guid":{"rendered":"http:\/\/localhost:8080\/wordpress-4.1.1\/wordpress\/?page_id=2"},"modified":"2021-07-06T11:57:47","modified_gmt":"2021-07-06T11:57:47","slug":"sample-page","status":"publish","type":"page","link":"https:\/\/www.pemac-dessau.de\/wordpress\/","title":{"rendered":"Ihre Vorteile"},"content":{"rendered":"<p>Jedes Unternehmen steht heutzutage in einem hart umk\u00e4mpften Wettbewerb. Je nach Wirtschafts- und Auftragslage \u00e4ndert sich auch dessen <strong>Personalbedarf<\/strong>. Zeitarbeit hat sich l\u00e4ngst als ein strategisches Instrument etabliert, dieses variierende Arbeitsvolumen zu steuern.<\/p>\n<p>Die PEMAC GmbH ist ein bundesweit agierender Personaldienstleister , der qualitativ hochwertige Arbeitnehmer\u00fcberlassung branchenorientiert anbietet. Als unabh\u00e4ngige unternehmergef\u00fchrte Gesellschaft sind wir ein zuverl\u00e4ssiger und kompetenter Partner f\u00fcr unsere Kunden und Mitarbeiter. Dies garantiert uns eine kontinuierliche erfolgreiche Entwicklung.<\/p>\n<p>In Zeiten von Personalmangel, Personalausf\u00e4llen oder saisonalen Spitzen bieten wir unseren Kunden die M\u00f6glichkeit, vor\u00fcbergehende Engp\u00e4sse zu bew\u00e4ltigen. Dies verschafft Ihnen Flexibilit\u00e4t und Handlungsspielr\u00e4ume, ganz ohne Arbeitgeberrisiko f\u00fcr Sie. Wir streben eine langfristige wiederkehrende Gesch\u00e4ftsbeziehung an, die durch Ehrlichkeit und Loyalit\u00e4t gepr\u00e4gt ist.<\/p>\n<p>Wir arbeiten nach dem Qualit\u00e4ts- und Sicherheitmanagement nach ISO 9001 und dem SCP Regelwerk.<\/p>\n<h3><\/h3>\n<h3>Der Einsatz von Zeitpersonal bietet f\u00fcr Sie als Unternehmer entscheidende Vorz\u00fcge:<\/h3>\n<ul>\n<li>Entlastung Ihres Stammpersonals<\/li>\n<li>Abfederung von Auftragsspitzen<\/li>\n<li>St\u00f6rungsfreier betrieblicher Ablauf<\/li>\n<li>Keine Lohnnebenkosten<\/li>\n<li>Bezahlung nur tats\u00e4chlich geleisteter Arbeitsstunden<\/li>\n<\/ul>\n<p>Unsere Serviceleistungen umfassen neben der klassischen Zeitarbeit auch <strong>Outsourcing<\/strong>, <strong>On-Sight Management<\/strong> und die <strong>Personalvermittlung<\/strong>. Entsprechend Ihrem Unternehmensprofil entwickeln wir die f\u00fcr Sie wirtschaftlichste L\u00f6sung.<\/p>\n\n\n<figure class=\"wp-block-image\"><img loading=\"lazy\" decoding=\"async\" width=\"420\" height=\"594\" src=\"http:\/\/www.pemac-dessau.de\/wordpress\/wp-content\/uploads\/2019\/10\/Pemac_AG-_der_Zukunft.jpg\" alt=\"\" class=\"wp-image-1199\" srcset=\"https:\/\/www.pemac-dessau.de\/wordpress\/wp-content\/uploads\/2019\/10\/Pemac_AG-_der_Zukunft.jpg 420w, https:\/\/www.pemac-dessau.de\/wordpress\/wp-content\/uploads\/2019\/10\/Pemac_AG-_der_Zukunft-212x300.jpg 212w\" sizes=\"auto, (max-width: 420px) 100vw, 420px\" \/><figcaption><strong>2019 sind wir Arbeitgeber der Zukunft geworden!!! Starten Sie mit uns in die Zukunft!!!!<\/strong><\/figcaption><\/figure>\n\n\n\n<figure class=\"wp-block-image\"><img decoding=\"async\" src=\"blob:http:\/\/www.pemac-dessau.de\/c67be50b-92c3-4ded-9330-352ecdba3063\" alt=\"\"\/><\/figure>\n\n\n\n<figure class=\"wp-block-image size-large\"><a href=\"http:\/\/www.pemac-dessau.de\/wordpress\/wp-content\/uploads\/2021\/07\/ESF_rgb_print-002.jpg\"><img loading=\"lazy\" decoding=\"async\" width=\"1024\" height=\"173\" src=\"http:\/\/www.pemac-dessau.de\/wordpress\/wp-content\/uploads\/2021\/07\/ESF_rgb_print-002-1024x173.jpg\" alt=\"\" class=\"wp-image-1686\" srcset=\"https:\/\/www.pemac-dessau.de\/wordpress\/wp-content\/uploads\/2021\/07\/ESF_rgb_print-002-1024x173.jpg 1024w, https:\/\/www.pemac-dessau.de\/wordpress\/wp-content\/uploads\/2021\/07\/ESF_rgb_print-002-300x51.jpg 300w, https:\/\/www.pemac-dessau.de\/wordpress\/wp-content\/uploads\/2021\/07\/ESF_rgb_print-002-768x129.jpg 768w, https:\/\/www.pemac-dessau.de\/wordpress\/wp-content\/uploads\/2021\/07\/ESF_rgb_print-002.jpg 1436w\" sizes=\"auto, (max-width: 1024px) 100vw, 1024px\" \/><\/a><\/figure>\n\n\n\n<p><strong>DER ZUKUNFT VORAUS!!!!<\/strong><\/p>\n\n\n\n<p><strong>Wir haben unsere Mitarbeiter gef\u00f6rdert und weitergebildet- dank dem Programm &#8222;Weiterbildung Betrieb\u201c des Landes Sachsen-Anhalt und der Europ\u00e4ischen Union<br \/><\/strong>Im Zeitraum vom Januar 2021 bis M\u00e4rz 2021 wurden unsere Mitarbeiter zum Thema \u201eKommunikationstechniken im Homeoffice\u201c geschult. Bei uns sind Sie sicher aufgehoben, egal, was kommt!!!<\/p>\n","protected":false},"excerpt":{"rendered":"<p>Jedes Unternehmen steht heutzutage in einem hart umk\u00e4mpften Wettbewerb. Je nach Wirtschafts- und Auftragslage \u00e4ndert sich auch dessen Personalbedarf. Zeitarbeit hat sich l\u00e4ngst als ein strategisches Instrument etabliert, dieses variierende Arbeitsvolumen zu steuern. Die PEMAC GmbH ist ein bundesweit agierender Personaldienstleister , der qualitativ hochwertige Arbeitnehmer\u00fcberlassung branchenorientiert anbietet. Als unabh\u00e4ngige unternehmergef\u00fchrte Gesellschaft sind wir ein [&hellip;]<\/p>\n","protected":false},"author":1,"featured_media":0,"parent":0,"menu_order":0,"comment_status":"open","ping_status":"open","template":"","meta":{"footnotes":""},"class_list":["post-2","page","type-page","status-publish","hentry"],"_links":{"self":[{"href":"https:\/\/www.pemac-dessau.de\/wordpress\/index.php?rest_route=\/wp\/v2\/pages\/2","targetHints":{"allow":["GET"]}}],"collection":[{"href":"https:\/\/www.pemac-dessau.de\/wordpress\/index.php?rest_route=\/wp\/v2\/pages"}],"about":[{"href":"https:\/\/www.pemac-dessau.de\/wordpress\/index.php?rest_route=\/wp\/v2\/types\/page"}],"author":[{"embeddable":true,"href":"https:\/\/www.pemac-dessau.de\/wordpress\/index.php?rest_route=\/wp\/v2\/users\/1"}],"replies":[{"embeddable":true,"href":"https:\/\/www.pemac-dessau.de\/wordpress\/index.php?rest_route=%2Fwp%2Fv2%2Fcomments&post=2"}],"version-history":[{"count":39,"href":"https:\/\/www.pemac-dessau.de\/wordpress\/index.php?rest_route=\/wp\/v2\/pages\/2\/revisions"}],"predecessor-version":[{"id":1687,"href":"https:\/\/www.pemac-dessau.de\/wordpress\/index.php?rest_route=\/wp\/v2\/pages\/2\/revisions\/1687"}],"wp:attachment":[{"href":"https:\/\/www.pemac-dessau.de\/wordpress\/index.php?rest_route=%2Fwp%2Fv2%2Fmedia&parent=2"}],"curies":[{"name":"wp","href":"https:\/\/api.w.org\/{rel}","templated":true}]}}